= -m**3 - 99*m**2 + 1444*m - 459. Calculate y(-112).
885
Let w(u) = 11362*u + 103749. Determine w(-9).
1491
Let w(l) = -8490*l + 764098. Calculate w(90).
-2
Let y(a) = -89*a - 1272. Give y(-10).
-382
Let c(u) = -146*u + 13379. What is c(92)?
-53
Let s(z) = 1892*z - 963065. Calculate s(509).
-37
Let c(g) = 186*g**2 - 86*g + 4. What is c(1)?
104
Let q(g) = 4*g**2 - 34*g - 190. Determine q(20).
730
Let z(v) = -v**3 + 87*v**2 + 78*v + 748. Calculate z(88).
-132
Let j(q) = -85*q - 2548. Calculate j(-21).
-763
Let g(v) = 18*v**2 + 1908*v + 1163. Determine g(-105).
-727
Let s(r) = r**3 + 10*r**2 - 9*r - 118. Determine s(-7).
92
Let o(q) = -q**2 - 3653*q + 3647. Give o(1).
-7
Let v(g) = 440288*g - 7925186. Calculate v(18).
-2
Let f(g) = -5538*g + 10793. Calculate f(2).
-283
Let s(i) = i**3 + 18*i**2 - 379*i - 108. Give s(-29).
1632
Let t(f) = 15970*f + 223603. Calculate t(-14).
23
Let y(n) = -3*n**2 - 3*n - 150. What is y(-7)?
-276
Let z(n) = n**3 - 6*n**2 - 3*n - 25. Determine z(8).
79
Let u(q) = 2*q**2 - 200*q - 10196. Calculate u(142).
1732
Let n(s) = -25*s**2 - 11*s + 47. Determine n(3).
-211
Let v(x) = -x**3 - x**2 + 49*x + 144. Give v(-5).
-1
Let p(u) = -45*u - 7919. Calculate p(-178).
91
Let u(x) = 394*x + 186158. Give u(-472).
190
Let u(h) = 21*h**2 - 3683*h + 1390. Determine u(175).
-10
Let t(s) = 954*s**3 + 26*s - 28. Determine t(1).
952
Let g(x) = x**2 + 5814*x + 246. What is g(0)?
246
Let q(z) = z**2 - 362*z - 2221. Give q(368).
-13
Let r(x) = -x**2 - 29562*x + 4158280. Determine r(140).
0
Let u(h) = 712*h**2 - 29883*h - 884. Determine u(42).
-2
Let o(r) = 69*r - 1380. What is o(-21)?
-2829
Let n(s) = -6*s**3 + 3037*s**2 - 449*s - 28845. Calculate n(506).
-3
Let b(q) = -5*q**2 + 4762*q + 14251. Calculate b(-3).
-80
Let v(q) = -51751*q + 9936189. What is v(192)?
-3
Let i(x) = 6*x**3 + 105*x**2 + 352*x - 169. Calculate i(-5).
-54
Let o(a) = -1046*a + 9843. What is o(9)?
429
Let g(a) = 2*a**3 + 206*a**2 + 1359*a - 177. Determine g(-96).
-1617
Let k(r) = r**3 - 10*r**2 + 154*r - 14850. Determine k(26).
-30
Let u(l) = 10*l**2 - 6309*l - 26035. Calculate u(635).
0
Let g(o) = o**3 - 8*o**2 - 64*o + 1578. Calculate g(10).
1138
Let q(t) = 1595*t**2 - 76561*t + 57. Give q(48).
9
Let g(v) = -v**3 - 14*v**2 - 57*v - 116. Give g(-8).
-44
Let o(u) = 19565*u**2 + 4147780*u - 2. Give o(-212).
-2
Let y(m) = 834715*m + 8347133. Determine y(-10).
-17
Let y(c) = -2*c**3 + 23*c**2 + 27*c + 183. Give y(13).
27
Let v(s) = -6*s**3 + 36*s**2 - 4*s - 41. Give v(7).
-363
Let c(a) = 7603*a + 31876. What is c(-4)?
1464
Let k(f) = -65*f**2 + 6877*f - 13750. Determine k(2).
-256
Let d(m) = -7*m**3 + 171*m**2 - 20*m - 1228. Calculate d(24).
20
Let c(o) = -4292*o + 6232. What is c(2)?
-2352
Let p(q) = q**3 + 79*q**2 + 645*q + 565. Determine p(-1).
-2
Let r(i) = i**3 + 123*i**2 - 2537*i - 192. Calculate r(-141).
-333
Let v(s) = -7*s**3 - 1678*s**2 - 5*s - 116406. Give v(-240).
-6
Let o(v) = v**3 - 179*v**2 - 28689*v + 121. Give o(-102).
2875
Let i(a) = a**2 + 846*a + 20907. What is i(-26)?
-413
Let m(s) = 76*s - 16250. Give m(214).
14
Let m(b) = -58*b - 1265. Calculate m(-25).
185
Let y(n) = 10672*n + 1205963. Give y(-113).
27
Let m(u) = -23684*u - 284332. Determine m(-12).
-124
Let j(v) = -v**3 + 362*v**2 - 1967*v - 60157. What is j(356)?
7
Let j(p) = -5080*p**2 + 45719*p + 11. What is j(9)?
2
Let s(m) = -m**2 + 91*m + 356139. Give s(-553).
7
Let z(s) = -s**3 + 25*s**2 + 1098*s - 23935. What is z(20)?
25
Let x(b) = 26*b**2 - 61*b - 12. Give x(1).
-47
Let v(x) = -8*x**3 - 1569*x**2 - 207*x - 2214. Give v(-196).
-58
Let t(l) = 22715*l - 68161. Give t(3).
-16
Let w(b) = -30*b**3 - 826*b**2 - 425*b + 185. Determine w(-27).
-4
Let q(n) = -18*n**3 + 378*n**2 + 372*n - 5. Determine q(-1).
19
Let p(x) = 866*x - 72738. What is p(84)?
6
Let r(n) = -4*n**2 + 422*n - 9860. What is r(29)?
-986
Let d(m) = 308*m - 52331. Calculate d(170).
29
Let k(r) = 2*r**2 + 68*r + 301. What is k(-47)?
1523
Let s(m) = m**3 - 292*m**2 + 3246*m + 1362. Give s(12).
-6
Let f(j) = -3*j**2 + 695*j - 3788. What is f(226)?
54
Let i(m) = -10*m**3 - 142*m**2 + 703*m + 346. Determine i(-18).
4
Let m(v) = 2*v**3 + 44*v**2 - 1732*v - 2181. Give m(-42).
3
Let v(m) = 3088*m - 93952. Give v(29).
-4400
Let t(j) = j**2 - 111*j - 18976. What is t(203)?
-300
Let j(c) = -c**2 - 4867*c + 117414. Calculate j(24).
30
Let m(n) = 66*n + 1826. What is m(-49)?
-1408
Let s(r) = -360*r - 174952. Calculate s(-486).
8
Let j(l) = 205219*l - 18264491. Give j(89).
0
Let n(s) = -16*s**2 + 281*s + 18. What is n(16)?
418
Let i(m) = 5*m**2 - 289*m + 1526. Determine i(52).
18
Let i(o) = 38304*o + 38205. Determine i(-1).
-99
Let y(n) = 2*n**3 + 311*n**2 + 1552*n - 16. Calculate y(-5).
-251
Let m(n) = 1467*n + 1685588. Determine m(-1149).
5
Let l(t) = 9*t**3 + 1460*t**2 + 325*t + 120. Calculate l(-162).
-42
Let k(u) = -2268*u - 251676. What is k(-111)?
72
Let i(j) = -31*j - 3291. Give i(-122).
491
Let j(q) = 13*q**3 - 1223*q**2 + 94*q - 19. What is j(94)?
-19
Let j(w) = w**3 - 181*w**2 - 767*w + 5008. Determine j(185).
13
Let s(r) = -67*r**3 - 37920*r**2 + 1044*r - 49806. Calculate s(-566).
2
Let p(h) = -27*h**2 - 699*h - 3232. What is p(-6)?
-10
Let w(l) = -167*l**3 - 315*l**2 + 302*l + 14. Calculate w(1).
-166
Let b(j) = -2*j**3 + 26*j**2 - 284*j + 3121. Determine b(12).
1
Let k(v) = 2102*v + 571754. What is k(-272)?
10
Let r(h) = -h**3 - 115*h**2 - 2210*h + 3906. Calculate r(-90).
306
Let u(b) = -236399*b + 709202. Give u(3).
5
Let s(p) = -9988*p + 69919. Calculate s(7).
3
Let a(v) = -1503*v - 252538. What is a(-168)?
-34
Let l(u) = -u**3 + 64*u**2 - 557*u - 312. What is l(11)?
-26
Let n(l) = 24072*l - 216427. Calculate n(9).
221
Let y(h) = 59*h**3 - 17523*h**2 + 10*h - 2989. Calculate y(297).
-19
Let r(b) = -b**2 + 543*b + 32177. What is r(-54)?
-61
Let m(i) = 14*i**3 + 1626*i**2 - 10259*i + 1. Determine m(6).
7
Let q(b) = -266*b + 13912. Determine q(58).
-1516
Let x(c) = -2393*c**2 + 85*c + 43. Give x(-1).
-2435
Let g(u) = 21*u**2 + 674*u + 524. Determine g(-31).
-189
Let p(c) = -58449*c + 5903360. Calculate p(101).
11
Let t(i) = -972*i**2 - 14579*i + 24. Calculate t(-15).
9
Let x(n) = 2*n**3 + 45*n**2 - 374*n - 23. Determine x(-29).
-110
Let d(z) = 314*z**2 - 6275*z - 13. Give d(20).
87
Let o(m) = -m**3 - 81*m**2 + 150*m + 5677. What is o(-82)?
101
Let z(i) = 2067*i + 24544. What is z(-12)?
-260
Let b(r) = 1915*r**2 + 7686*r + 102. Give b(-4).
-2
Let d(u) = -72539*u + 3119190. What is d(43)?
13
Let m(j) = 1323*j + 3863. Calculate m(-3).
-106
Let x(t) = -t**2 - 2057*t + 6192. Determine x(3).
12
Let m(c) = -7318*c - 3761459. Calculate m(-514).
-7
Let l(q) = q**3 + 19*q**2 + 224*q + 4216. Calculate l(-19).
-40
Let h(g) = g**3 - 238*g**2 + 923*g + 3093. Determine h(234).
51
Let k(a) = a**3 - 10*a**2 - 303*a + 2242. Determine k(20).
182
Let m(h) = -2427*h - 2868. What is m(-3)?
4413
Let g(v) = v**3 + 213*v**2 - 711*v + 34078. Give g(-217).
9
Let o(k) = 50*k**2 + 65*k + 186. Calculate o(-4).
726
Let x(s) = 5947*s + 130836. Determine x(-22).
2
Let l(h) = -5969*h + 47715. Calculate l(8).
-37
Let b(t) = -2917*t + 679656. What is b(233)?
-5
Let i(k) = 22*k**3 + 58*k**2 + 151*k - 49. What is i(-3)?
-574
Let z(q) = -101*q**2 - 3021*q + 75. Give z(-30).
-195
Let j(o) = -75*o**2 + 958*o - 2215. Calculate j(3).
-16
Let j(a) = 2*a**2 + 405*a - 2076. What is j(5)?
-1
Let q(x) = -53*x**2 + 279*x + 11. Give q(5).
81
Let b(k) = 6*k**3 + 557*k**2 + 227*k + 29589. Determine b(-93).
-171
Let z(j) = -j**2 - 543*j - 21921. What is z(-44)?
35
Let n(j) = j**2 - 182*j + 8029. Calculate n(111).
148
Let o(d) = -43*d**3 - 4*d**2 - 152*d - 453. Calculate o(-3).
1128
Let w(f) = 2167*f - 2180. Calculate w(1).
-13
Let a(r) = -7*r**3 + 18*r**2 - 152*r + 119. What is a(7)?
-2464
Let y(h) = 13*h**2 + 1598*h + 200. Calculate y(-123).
323
Let i(h) = -h**3 + 11*h**2 - 12*h + 79. What is i(10)?
59
Let b(s) = s**3 + 3519*s**2 + 7031*s - 25. Calculate b(-2).
-19
Let k(f) = -2*f**3 + 39*f**2 - 79*f + 1175. Give k(19).
35
Let d(w) = -6*w**2 - 1469*w - 28208. What is d(-21)?
-5
Let s(z) = 2655*z + 230800. Determine s(-87).
-185
Let n(a) = 28991*a + 550836. Calculate n(-19).
7
Let g(k) = 36*k + 5366. Give g(-145).
146
Let s(a) = a**2 - 1331*a + 140896. Calculate s(116).
-44
Let